**2 - d. What is r(-1)?
-54
Let l(n) = -n**3 - 53*n**2 + 59*n + 268. What is l(-54)?
-2
Let p(t) = 2*t**2 + t + 2. Determine p(4).
38
Let y(a) = -a**3 - 8*a**2 - 66. Give y(-9).
15
Let u(b) = -3*b**2 - 49*b - 8. What is u(-16)?
8
Let z(f) = -2*f**2 + 3*f - 3. What is z(4)?
-23
Let r(z) = z + 12. What is r(-9)?
3
Let a(c) = -2*c**2 + 17*c - 46. Give a(7).
-25
Let x(r) = -r**3 - 14*r**2 + 12*r - 18. Calculate x(-15).
27
Let c(x) = -10*x**2 - 171*x - 23. What is c(-17)?
-6
Let z(o) = o**3 + 11*o**2 + o + 13. What is z(-11)?
2
Let v(c) = -c**2 - 10*c - 17. What is v(-6)?
7
Let n(g) = g - 14. Give n(-7).
-21
Let p(v) = -v**2 - 13*v - 4. Give p(-10).
26
Let j(h) = -3*h**3 - h. Determine j(2).
-26
Let g(l) = 55*l**3 + l**2 - 2. Give g(1).
54
Let u(g) = -g**3 + 12*g**2 - 38*g + 2. Determine u(7).
-19
Let b(f) = -f**2 - 3*f + 7. What is b(-6)?
-11
Let k(j) = j**3 + 3*j**2 - 7*j - 5. Calculate k(-4).
7
Let c(i) = i**3 + 4*i**2 - 4*i + 4. Calculate c(-5).
-1
Let u(a) = 2*a + 17. Calculate u(-8).
1
Let i(j) = 2*j**2 - 57*j + 22. What is i(28)?
-6
Let n(v) = -2*v**2 + 9*v - 9. What is n(6)?
-27
Let p(t) = t**3 + 11*t**2 - 6*t - 58. Calculate p(-11).
8
Let n(f) = f**3 + 9*f**2 - 27*f + 108. Calculate n(-12).
0
Let w(q) = 2*q**2 - 22*q + 49. What is w(4)?
-7
Let k(z) = z**3 - 7*z**2 - 4*z. Calculate k(7).
-28
Let z(o) = -o + 22. Determine z(0).
22
Let y(s) = s**3 - 25*s**2 - 27*s + 14. Calculate y(26).
-12
Let x(y) = 5*y + 17. Determine x(-11).
-38
Let z(d) = d**3 + 18*d**2 + 17*d. Give z(-17).
0
Let f(b) = b**2 + 3*b - 6. Give f(13).
202
Let j(s) = s**3 + 33*s**2 + 92*s + 60. What is j(-30)?
0
Let d(a) = 7*a - 1. Give d(3).
20
Let r(k) = k**3 - 7*k**2 + 7*k - 2. What is r(6)?
4
Let w(a) = a**2 - 31*a - 58. Determine w(-2).
8
Let p(x) = x**2 - 8*x + 3. What is p(7)?
-4
Let l(g) = -13*g - 71. What is l(-6)?
7
Let x(q) = q**2 + 22*q + 20. Give x(-16).
-76
Let u(x) = -x**3 + 5*x**2 + 7*x + 4. Calculate u(6).
10
Let p(y) = 4*y - 20. Give p(4).
-4
Let t(q) = 6*q**2 - 13*q - 17. Calculate t(3).
-2
Let o(u) = 3*u + 3. Calculate o(20).
63
Let q(s) = -8*s + 3. Determine q(2).
-13
Let i(l) = 6*l - 34. Determine i(5).
-4
Let i(g) = -g**2 + 25. What is i(5)?
0
Let p(l) = -2*l**3 + 2*l**2 + 5*l - 10. Determine p(2).
-8
Let k(g) = -g**2 + 6*g - 5. What is k(2)?
3
Let r(z) = -z**2 + 21*z - 22. Calculate r(19).
16
Let c(w) = -w**3 + 4*w**2 + 2*w - 2. What is c(4)?
6
Let b(o) = o**2 - 16*o + 20. Calculate b(15).
5
Let b(p) = -p**3 - 9*p**2 - 5*p - 1. Determine b(-7).
-64
Let b(k) = k**2 - 21*k + 9. Calculate b(21).
9
Let w(r) = 15*r - 1. Give w(3).
44
Let a(g) = 2*g. Determine a(7).
14
Let d(o) = 3*o - 46. What is d(14)?
-4
Let b(d) = 7*d + 19. Calculate b(-3).
-2
Let s(g) = -g**3 + 8*g**2 + 2*g + 13. Calculate s(9).
-50
Let j(n) = n**2 + 10*n + 29. Calculate j(-6).
5
Let w(t) = -t**3 + 30*t**2 - 26*t - 84. Determine w(29).
3
Let r(s) = -s**3 + 5*s**2 + 5*s - 10. What is r(5)?
15
Let s(f) = 23*f**2 + f + 1. Determine s(-1).
23
Let r(p) = -p**2 + 25*p - 45. Determine r(21).
39
Let g(m) = -m + 12. Calculate g(9).
3
Let s(d) = 3*d - 5. Calculate s(3).
4
Let v(p) = p**2 + 7*p - 29. Give v(-9).
-11
Let l(j) = j**2 - 8*j. Calculate l(7).
-7
Let d(l) = 2*l - 1. What is d(3)?
5
Let k(w) = 2*w - 25. Give k(-22).
-69
Let b(x) = -2*x**3 - x**2 + 2*x + 2. What is b(-1)?
1
Let x(f) = -5*f - 34. Determine x(-6).
-4
Let q(l) = l**2 + 27*l + 114. Calculate q(-6).
-12
Let x(g) = 3*g**2 + 18*g. Determine x(-6).
0
Let o(p) = -15*p - 4. Give o(0).
-4
Let a(w) = w**3 + 33*w**2 + 38*w + 183. Give a(-32).
-9
Let l(n) = -7*n**2 - 62*n. Give l(-9).
-9
Let f(k) = 8*k - 1. Give f(-13).
-105
Let x(m) = -m**2 + 3*m + 4. Determine x(3).
4
Let t(x) = -3*x**3 - 6*x**2 - 5*x - 5. Calculate t(-2).
5
Let l(s) = -s - 14. Calculate l(10).
-24
Let u(l) = 5*l + 30. What is u(-7)?
-5
Let v(l) = l**2 - 4*l - 8. Determine v(7).
13
Let j(a) = a + 25. Determine j(23).
48
Let w(n) = 5*n - 25. What is w(0)?
-25
Let h(f) = -2*f**2 + 10. Give h(-5).
-40
Let t(k) = k**2 + 8*k - 74. Determine t(6).
10
Let a(y) = -y**2 - 11*y - 28. Determine a(-5).
2
Let y(k) = k**2 - 11*k + 20. Calculate y(13).
46
Let x(i) = -7*i - 4. Give x(7).
-53
Let i(l) = -5*l - 2. Calculate i(1).
-7
Let q(l) = -11*l - 26. What is q(-4)?
18
Let u(b) = 3*b - 24. What is u(4)?
-12
Let o(s) = -5*s - 63. Determine o(-12).
-3
Let h(r) = r**3 + 13*r**2 + 37*r + 18. Calculate h(-9).
9
Let l(w) = w**3 + 6*w**2 - 13*w - 10. What is l(-8)?
-34
Let n(h) = -h**3 + 7*h**2 + h - 11. What is n(7)?
-4
Let a(u) = u**3 - 12*u**2 - 3*u + 15. Calculate a(12).
-21
Let w(n) = -n + 15. Give w(0).
15
Let z(u) = u**3 - 8*u**2 - u + 3. What is z(8)?
-5
Let o(v) = 4*v**2 + 31*v + 8. What is o(-8)?
16
Let a(g) = 6*g**2 + g - 1. What is a(-2)?
21
Let m(k) = 12*k - 184. Calculate m(14).
-16
Let v(j) = -j**2 - 6*j + 9. Calculate v(-8).
-7
Let c(z) = -6*z - 8. Calculate c(-5).
22
Let p(n) = -5*n**3 - 2*n**2 - 19*n + 42. Give p(2).
-44
Let z(q) = -30*q + 44. Calculate z(4).
-76
Let p(g) = g**3 + 24*g**2 - 51*g + 8. Determine p(-26).
-18
Let o(p) = 2*p + 31. What is o(-15)?
1
Let z(s) = -5*s**3 - 15*s**2 + 2*s + 2. What is z(-3)?
-4
Let l(g) = -2*g**2 - 2*g + 5. Determine l(-4).
-19
Let x(w) = -3*w - 16. Calculate x(-8).
8
Let d(f) = -2*f**2 - 21*f + 29. Determine d(-12).
-7
Let n(w) = w**3 - w**2 - 17*w - 8. Determine n(5).
7
Let a(x) = 12*x - 25. Give a(-2).
-49
Let k(z) = z**3 + 12*z**2 + 6*z - 72. Give k(-11).
-17
Let r(o) = 46*o + 23. What is r(2)?
115
Let p(w) = w**2 - 7*w - 5. Calculate p(6).
-11
Let k(j) = -j**3 + 2*j + 1. What is k(0)?
1
Let x(m) = -3*m**2 - 5*m - 4. What is x(-1)?
-2
Let v(s) = -2*s**3 + 12*s**2 - 2*s - 11. Calculate v(5).
29
Let i(s) = -s**3 - 4*s**2 - 11*s - 69. What is i(-5)?
11
Let x(u) = 6*u**3 + 4*u + 1. Determine x(2).
57
Let f(k) = -k**2 + 3*k - 9. Determine f(5).
-19
Let i(p) = p**2 - 3*p - 26. Calculate i(-5).
14
Let g(y) = -y**3 + 6*y**2 + 2. Give g(7).
-47
Let i(k) = k**3 - 9*k**2 - k + 36. Calculate i(9).
27
Let h(y) = y**2 - 8*y + 15. Give h(0).
15
Let o(x) = x**3 + 7*x**2 - 3*x - 24. Calculate o(-7).
-3
Let h(i) = i**3 - 5*i**2 - i - 3. Determine h(5).
-8
Let y(r) = r**2 + 18*r + 35. What is y(-13)?
-30
Let x(y) = -2*y**3 + 5*y**2 + 6*y - 6. Calculate x(-2).
18
Let m(f) = f**3 - 18*f**2 + 18*f + 5. Determine m(17).
22
Let i(p) = 11*p - 48. Calculate i(5).
7
Let z(m) = -2*m**3 + 3*m**2 + m - 7. Determine z(-3).
71
Let w(n) = n**3 + 2*n**2 + n + 6. What is w(-3)?
-6
Let c(j) = -j**2 + 2*j - 17. What is c(0)?
-17
Let x(k) = -23*k + 63. Determine x(3).
-6
Let n(c) = c**2 - 5*c + 12. Determine n(9).
48
Let f(r) = 16*r + 573. Calculate f(-36).
-3
Let x(w) = -w**2 - 24*w - 18. Calculate x(-27).
-99
Let o(c) = -c**2 - 11*c - 6. Determine o(-4).
22
Let p(k) = -k**3 + 2*k**2 + 4*k + 1. Determine p(3).
4
Let x(k) = k**2 - 19*k - 39. Calculate x(21).
3
Let v(k) = 12*k**2 - k. Determine v(1).
11
Let h(n) = n**3 - 3*n**2 + 2. Determine h(2).
-2
Let k(q) = -2*q**3 - q**2 - 3*q + 4. Calculate k(-3).
58
Let x(f) = f**3 + 5*f**2 + 3*f + 5. Determine x(-4).
9
Let f(p) = p**2 + 14*p - 9. Determine f(-15).
6
Let f(z) = -z**3 + 3*z**2 + z + 2. What is f(3)?
5
Let t(j) = -j - 8. Determine t(7).
-15
Let r(f) = -35*f**3 + f**2 + f. What is r(1)?
-33
Let u(t) = 8*t - 1. Give u(1).
7
Let y(x) = -3*x**2 + 2. Give y(1).
-1
Let f(t) = 11*t - 8. Calculate f(2).
14
Let q(w) = w**2 + 9*w. Calculate q(-10).
10
Let j(o) = -4*o - 20. What is j(-12)?
28
Let v(q) = q**3 - 12*q**2 - 12*q + 9. Determine v(13).
22
Let b(y) = 3*y - 15. Give b(6).
3
Let f(w) = -2*w**2 - 13*w + 9. Determine f(-6).
15
Let r(z) = z**3 + z + 20. Determine r(0).
20
Let b(q) = -4*q + 9. What is b(7)?
-19
Let s(v) = 4*v - 53. Calculate s(18).
19
Let h(m) = m + 3. Determine h(-9).
-6
Let s(f) = 21*f**2 + 67*f - 2. Calculate s(-3).
-14
Let a(z) = 19*z - 37. Calculate a(3).
20
Let a(p) = -p**2 + 47*p - 304. Calculate a(8).
8
Let o(g) = g**2 - 23*g - 2. Give o(23).
-2
Let o(r) = -r - 6. Give o(-9).
3
Let h(t) = 11*t + 77. What is h(-5)?
22
Let x(y) = -4*y**3 - y. Give x(1).
-5
Let d(h) = 6*h + 140. Calculate d(-23).
2
Let j(k) = -k**3 + 2*k**2 + 2*k + 4. Give j(3).
1
Let u(b) = -3*b + 41. Determine u(13).
2
Let m(o) = o**2 - 27*o + 43. What is m(25)?
-7
Let d(g) = 27*g**2 + 1. Give d(-1).
28
Let i(g) = -g - 5